{"id":1575,"date":"2020-01-22T09:55:28","date_gmt":"2020-01-22T06:55:28","guid":{"rendered":"http:\/\/avendijital.com\/adaelektrik\/?page_id=1575"},"modified":"2020-01-22T10:02:01","modified_gmt":"2020-01-22T07:02:01","slug":"tesis-montaj-ve-bakimi","status":"publish","type":"page","link":"https:\/\/adaelektrik.com\/index.php\/tesis-montaj-ve-bakimi\/","title":{"rendered":"Tesis Montaj ve Bak\u0131m\u0131"},"content":{"rendered":"<p>[vc_row full_width=&#8221;stretch_row&#8221; css=&#8221;.vc_custom_1579674949090{background-color: #000000 !important;}&#8221;][vc_column][vc_single_image image=&#8221;1587&#8243; img_size=&#8221;full&#8221; alignment=&#8221;center&#8221; css=&#8221;.vc_custom_1579676519607{border-radius: 3px !important;}&#8221;][vc_custom_heading text=&#8221;Tesis Montaj ve Bak\u0131m\u0131&#8221; font_container=&#8221;tag:h1|text_align:center|color:%23ffffff&#8221; google_fonts=&#8221;font_family:Montserrat%3Aregular%2C700|font_style:400%20regular%3A400%3Anormal&#8221;][vc_column_text]<\/p>\n<p style=\"color: white;\">Bilindi\u011fi \u00fczere, elektrik tesisat\u0131 i\u015fleri son derece \u00f6nemlidir. \u00c7\u00fcnk\u00fc insan sa\u011fl\u0131\u011f\u0131 ile \u00e7ok yak\u0131ndan ilgilidir.Kurallara ve prosed\u00fcre g\u00f6re yap\u0131lmayan bir elektrik tesisat\u0131 hem sa\u011fl\u0131k i\u00e7in hem de \u00e7evremiz i\u00e7in tehlikeli olabilmektedir. \u00d6rne\u011fin; yak\u0131n zamana kadar pek \u00e7ok elektrik tesisat\u0131 yapan ki\u015filer taraf\u0131ndan ihmal edilen topraklama hatt\u0131n\u0131n olmamas\u0131 cihazlar\u0131n ar\u0131za yapmas\u0131na, yang\u0131nlara hatta can kay\u0131plar\u0131n da yol a\u00e7abilmektedir.S\u0131k kar\u015f\u0131la\u015f\u0131lan di\u011fer bir yanl\u0131\u015f ise kullan\u0131lmas\u0131 gereken kablo kesit kal\u0131nl\u0131\u011f\u0131n\u0131n gere\u011finden ince kullan\u0131lmas\u0131d\u0131r.<br \/>\nGerek yeni tesis gerekse bak\u0131m ihtiya\u00e7ar\u0131nda Elektrik\u00a0 ustalar\u0131 ve elemanlar\u0131\u00a0 b\u00fct\u00fcn uygulamalar\u0131 en iyi \u015fekilde yaparak garantili ve m\u00fc\u015fteri memnuniyetini esas alarak projelerinizi eksiksiz teslim etmektedir<\/p>\n<p>[\/vc_column_text][\/vc_column][\/vc_row]<\/p>\n","protected":false},"excerpt":{"rendered":"<p>[vc_row full_width=&#8221;stretch_row&#8221; css=&#8221;.vc_custom_1579674949090{background-color: #000000 !important;}&#8221;][vc_column][vc_single_image image=&#8221;1587&#8243; img_size=&#8221;full&#8221; alignment=&#8221;center&#8221; css=&#8221;.vc_custom_1579676519607{border-radius: 3px !important;}&#8221;][vc_custom_heading text=&#8221;Tesis Montaj ve Bak\u0131m\u0131&#8221; font_container=&#8221;tag:h1|text_align:center|color:%23ffffff&#8221; google_fonts=&#8221;font_family:Montserrat%3Aregular%2C700|font_style:400%20regular%3A400%3Anormal&#8221;][vc_column_text] Bilindi\u011fi \u00fczere, elektrik<\/p>\n","protected":false},"author":1,"featured_media":0,"parent":0,"menu_order":0,"comment_status":"closed","ping_status":"closed","template":"","meta":[],"_links":{"self":[{"href":"https:\/\/adaelektrik.com\/index.php\/wp-json\/wp\/v2\/pages\/1575"}],"collection":[{"href":"https:\/\/adaelektrik.com\/index.php\/wp-json\/wp\/v2\/pages"}],"about":[{"href":"https:\/\/adaelektrik.com\/index.php\/wp-json\/wp\/v2\/types\/page"}],"author":[{"embeddable":true,"href":"https:\/\/adaelektrik.com\/index.php\/wp-json\/wp\/v2\/users\/1"}],"replies":[{"embeddable":true,"href":"https:\/\/adaelektrik.com\/index.php\/wp-json\/wp\/v2\/comments?post=1575"}],"version-history":[{"count":2,"href":"https:\/\/adaelektrik.com\/index.php\/wp-json\/wp\/v2\/pages\/1575\/revisions"}],"predecessor-version":[{"id":1588,"href":"https:\/\/adaelektrik.com\/index.php\/wp-json\/wp\/v2\/pages\/1575\/revisions\/1588"}],"wp:attachment":[{"href":"https:\/\/adaelektrik.com\/index.php\/wp-json\/wp\/v2\/media?parent=1575"}],"curies":[{"name":"wp","href":"https:\/\/api.w.org\/{rel}","templated":true}]}}