{"id":3142,"date":"2020-01-30T09:47:41","date_gmt":"2020-01-30T06:47:41","guid":{"rendered":"http:\/\/avendijital.com\/adaelektrik\/?page_id=3142"},"modified":"2020-01-30T09:47:41","modified_gmt":"2020-01-30T06:47:41","slug":"dis-mekan-aydinlatma","status":"publish","type":"page","link":"https:\/\/adaelektrik.com\/index.php\/dis-mekan-aydinlatma\/","title":{"rendered":"DI\u015e MEKAN AYDINLATMA"},"content":{"rendered":"<p>[vc_row][vc_column]\n\t\t\t\t\t\t<div class=\"site-content page-portfolio portfolio-layout-boxed portfolio- col-sm-12\" role=\"main\">\n\t\t\t\n\t\t\t\t\t\t\t\t\t\t\t\t\t\t\t<div class=\"row row-spacing-6 \">\n\n\t\t\t\t\t\t\t\n\t\t\t\t\t\t\t<div class=\"clear\"><\/div>\n\n\t\t\t\t\t\t\t<div class=\"masonry-container basel-portfolio-holder\" data-atts=\"{&quot;posts_per_page&quot;:&quot;&quot;,&quot;filters&quot;:&quot;&quot;,&quot;categories&quot;:&quot;41&quot;,&quot;style&quot;:&quot;&quot;,&quot;columns&quot;:&quot;3&quot;,&quot;spacing&quot;:&quot;6&quot;,&quot;full_width&quot;:&quot;&quot;,&quot;filters_bg&quot;:&quot;&quot;,&quot;ajax_page&quot;:&quot;&quot;,&quot;pagination&quot;:&quot;&quot;,&quot;basel_color_scheme&quot;:&quot;&quot;,&quot;orderby&quot;:&quot;&quot;,&quot;order&quot;:&quot;&quot;,&quot;el_class&quot;:&quot;&quot;}\" data-source=\"shortcode\" data-paged=\"1\">\n\t\t\t\t\t\n\t\t\t\t\t\t\t\t\t\t\t\t\t\t\t\t\t\t\t\t\t\t\n<article id=\"post-2778\" class=\"portfolio-entry  col-xs-12 col-sm-4 col-md-4 portfolio-single masonry-item proj-cat-dis-mekan-aydinlatma post-2778 portfolio type-portfolio status-publish has-post-thumbnail hentry project-cat-dis-mekan-aydinlatma\">\n\t\t\t<header class=\"entry-header\">\n\t\t\t<figure class=\"entry-thumbnail\">\n\t\t\t\t\t\t\t\t\t\t\t\t<a href=\"https:\/\/adaelektrik.com\/index.php\/portfolio\/lg984-s\/\" class=\"portfolio-thumbnail\">\n\t\t\t\t\t\t\t\t<img width=\"1024\" height=\"1024\" src=\"https:\/\/adaelektrik.com\/wp-content\/uploads\/2020\/01\/b_lg984-6603-1024x1024.png\" class=\"attachment-large size-large wp-post-image\" alt=\"\" decoding=\"async\" loading=\"lazy\" srcset=\"https:\/\/adaelektrik.com\/wp-content\/uploads\/2020\/01\/b_lg984-6603-1024x1024.png 1024w, https:\/\/adaelektrik.com\/wp-content\/uploads\/2020\/01\/b_lg984-6603-300x300.png 300w, https:\/\/adaelektrik.com\/wp-content\/uploads\/2020\/01\/b_lg984-6603-150x150.png 150w, https:\/\/adaelektrik.com\/wp-content\/uploads\/2020\/01\/b_lg984-6603-768x768.png 768w, https:\/\/adaelektrik.com\/wp-content\/uploads\/2020\/01\/b_lg984-6603-45x45.png 45w, https:\/\/adaelektrik.com\/wp-content\/uploads\/2020\/01\/b_lg984-6603.png 1500w\" sizes=\"(max-width: 1024px) 100vw, 1024px\" \/>\t\t\t\t\t\t\t<\/a>\n\t\t\t\t\t\t\t\t\t\t<a href=\"https:\/\/adaelektrik.com\/wp-content\/uploads\/2020\/01\/b_lg984-6603.png\" class=\"portfolio-enlarge\">View Large<\/a>\n\t\t\t<\/figure>\n\t\t\n\t\t<div class=\"portfolio-info\">\n\t\t\t\n\t\t\t\t\t\t\t<h3 class=\"entry-title\">\n\t\t\t\t\t<a href=\"https:\/\/adaelektrik.com\/index.php\/portfolio\/lg984-s\/\" rel=\"bookmark\">LG984 S<\/a>\n\t\t\t\t<\/h3>\n\t\t\t\n\t\t\t\t\t\t\t\t<ul class=\"proj-cats-list font-alt\">\n\t\t\t\t\t\t\t\t\t\t\t\t<li>d\u0131\u015f mekan ayd\u0131nlatma<\/li>\n\t\t\t\t\t\t\t\t\t\t\t<\/ul>\n\t\t\t\t\t\t\t <\/div>\n\t <\/header>\n\n\t\t\t<div class=\"entry-summary\">\n\t\t\t\t\t<\/div><!-- .entry-summary -->\n\t\n<\/article><!-- #post -->\n\t\t\t\t\t\t\t\t\t\t\t\t\t\t\t\n<article id=\"post-2776\" class=\"portfolio-entry  col-xs-12 col-sm-4 col-md-4 portfolio-single masonry-item proj-cat-dis-mekan-aydinlatma post-2776 portfolio type-portfolio status-publish has-post-thumbnail hentry project-cat-dis-mekan-aydinlatma\">\n\t\t\t<header class=\"entry-header\">\n\t\t\t<figure class=\"entry-thumbnail\">\n\t\t\t\t\t\t\t\t\t\t\t\t<a href=\"https:\/\/adaelektrik.com\/index.php\/portfolio\/ze941\/\" class=\"portfolio-thumbnail\">\n\t\t\t\t\t\t\t\t<img width=\"1024\" height=\"1024\" src=\"https:\/\/adaelektrik.com\/wp-content\/uploads\/2020\/01\/b_ze941-8015-1024x1024.png\" class=\"attachment-large size-large wp-post-image\" alt=\"\" decoding=\"async\" loading=\"lazy\" srcset=\"https:\/\/adaelektrik.com\/wp-content\/uploads\/2020\/01\/b_ze941-8015-1024x1024.png 1024w, https:\/\/adaelektrik.com\/wp-content\/uploads\/2020\/01\/b_ze941-8015-300x300.png 300w, https:\/\/adaelektrik.com\/wp-content\/uploads\/2020\/01\/b_ze941-8015-150x150.png 150w, https:\/\/adaelektrik.com\/wp-content\/uploads\/2020\/01\/b_ze941-8015-768x768.png 768w, https:\/\/adaelektrik.com\/wp-content\/uploads\/2020\/01\/b_ze941-8015-45x45.png 45w, https:\/\/adaelektrik.com\/wp-content\/uploads\/2020\/01\/b_ze941-8015.png 1500w\" sizes=\"(max-width: 1024px) 100vw, 1024px\" \/>\t\t\t\t\t\t\t<\/a>\n\t\t\t\t\t\t\t\t\t\t<a href=\"https:\/\/adaelektrik.com\/wp-content\/uploads\/2020\/01\/b_ze941-8015.png\" class=\"portfolio-enlarge\">View Large<\/a>\n\t\t\t<\/figure>\n\t\t\n\t\t<div class=\"portfolio-info\">\n\t\t\t\n\t\t\t\t\t\t\t<h3 class=\"entry-title\">\n\t\t\t\t\t<a href=\"https:\/\/adaelektrik.com\/index.php\/portfolio\/ze941\/\" rel=\"bookmark\">ZE941<\/a>\n\t\t\t\t<\/h3>\n\t\t\t\n\t\t\t\t\t\t\t\t<ul class=\"proj-cats-list font-alt\">\n\t\t\t\t\t\t\t\t\t\t\t\t<li>d\u0131\u015f mekan ayd\u0131nlatma<\/li>\n\t\t\t\t\t\t\t\t\t\t\t<\/ul>\n\t\t\t\t\t\t\t <\/div>\n\t <\/header>\n\n\t\t\t<div class=\"entry-summary\">\n\t\t\t\t\t<\/div><!-- .entry-summary -->\n\t\n<\/article><!-- #post -->\n\t\t\t\t\t\t\t\t\t\t\t\t\t\t\t\n<article id=\"post-2774\" class=\"portfolio-entry  col-xs-12 col-sm-4 col-md-4 portfolio-single masonry-item proj-cat-dis-mekan-aydinlatma post-2774 portfolio type-portfolio status-publish has-post-thumbnail hentry project-cat-dis-mekan-aydinlatma\">\n\t\t\t<header class=\"entry-header\">\n\t\t\t<figure class=\"entry-thumbnail\">\n\t\t\t\t\t\t\t\t\t\t\t\t<a href=\"https:\/\/adaelektrik.com\/index.php\/portfolio\/ze940\/\" class=\"portfolio-thumbnail\">\n\t\t\t\t\t\t\t\t<img width=\"1024\" height=\"1024\" src=\"https:\/\/adaelektrik.com\/wp-content\/uploads\/2020\/01\/b_ze940-319-1024x1024.png\" class=\"attachment-large size-large wp-post-image\" alt=\"\" decoding=\"async\" loading=\"lazy\" srcset=\"https:\/\/adaelektrik.com\/wp-content\/uploads\/2020\/01\/b_ze940-319-1024x1024.png 1024w, https:\/\/adaelektrik.com\/wp-content\/uploads\/2020\/01\/b_ze940-319-300x300.png 300w, https:\/\/adaelektrik.com\/wp-content\/uploads\/2020\/01\/b_ze940-319-150x150.png 150w, https:\/\/adaelektrik.com\/wp-content\/uploads\/2020\/01\/b_ze940-319-768x768.png 768w, https:\/\/adaelektrik.com\/wp-content\/uploads\/2020\/01\/b_ze940-319-45x45.png 45w, https:\/\/adaelektrik.com\/wp-content\/uploads\/2020\/01\/b_ze940-319.png 1500w\" sizes=\"(max-width: 1024px) 100vw, 1024px\" \/>\t\t\t\t\t\t\t<\/a>\n\t\t\t\t\t\t\t\t\t\t<a href=\"https:\/\/adaelektrik.com\/wp-content\/uploads\/2020\/01\/b_ze940-319.png\" class=\"portfolio-enlarge\">View Large<\/a>\n\t\t\t<\/figure>\n\t\t\n\t\t<div class=\"portfolio-info\">\n\t\t\t\n\t\t\t\t\t\t\t<h3 class=\"entry-title\">\n\t\t\t\t\t<a href=\"https:\/\/adaelektrik.com\/index.php\/portfolio\/ze940\/\" rel=\"bookmark\">ZE940<\/a>\n\t\t\t\t<\/h3>\n\t\t\t\n\t\t\t\t\t\t\t\t<ul class=\"proj-cats-list font-alt\">\n\t\t\t\t\t\t\t\t\t\t\t\t<li>d\u0131\u015f mekan ayd\u0131nlatma<\/li>\n\t\t\t\t\t\t\t\t\t\t\t<\/ul>\n\t\t\t\t\t\t\t <\/div>\n\t <\/header>\n\n\t\t\t<div class=\"entry-summary\">\n\t\t\t\t\t<\/div><!-- .entry-summary -->\n\t\n<\/article><!-- #post -->\n\t\t\t\t\t\t\t\t\t\t\t\t\t\t\t\n<article id=\"post-2772\" class=\"portfolio-entry  col-xs-12 col-sm-4 col-md-4 portfolio-single masonry-item proj-cat-dis-mekan-aydinlatma post-2772 portfolio type-portfolio status-publish has-post-thumbnail hentry project-cat-dis-mekan-aydinlatma\">\n\t\t\t<header class=\"entry-header\">\n\t\t\t<figure class=\"entry-thumbnail\">\n\t\t\t\t\t\t\t\t\t\t\t\t<a href=\"https:\/\/adaelektrik.com\/index.php\/portfolio\/jg949-an\/\" class=\"portfolio-thumbnail\">\n\t\t\t\t\t\t\t\t<img width=\"1024\" height=\"1024\" src=\"https:\/\/adaelektrik.com\/wp-content\/uploads\/2020\/01\/b_jg949-7602-1024x1024.png\" class=\"attachment-large size-large wp-post-image\" alt=\"\" decoding=\"async\" loading=\"lazy\" srcset=\"https:\/\/adaelektrik.com\/wp-content\/uploads\/2020\/01\/b_jg949-7602-1024x1024.png 1024w, https:\/\/adaelektrik.com\/wp-content\/uploads\/2020\/01\/b_jg949-7602-300x300.png 300w, https:\/\/adaelektrik.com\/wp-content\/uploads\/2020\/01\/b_jg949-7602-150x150.png 150w, https:\/\/adaelektrik.com\/wp-content\/uploads\/2020\/01\/b_jg949-7602-768x768.png 768w, https:\/\/adaelektrik.com\/wp-content\/uploads\/2020\/01\/b_jg949-7602-45x45.png 45w, https:\/\/adaelektrik.com\/wp-content\/uploads\/2020\/01\/b_jg949-7602.png 1500w\" sizes=\"(max-width: 1024px) 100vw, 1024px\" \/>\t\t\t\t\t\t\t<\/a>\n\t\t\t\t\t\t\t\t\t\t<a href=\"https:\/\/adaelektrik.com\/wp-content\/uploads\/2020\/01\/b_jg949-7602.png\" class=\"portfolio-enlarge\">View Large<\/a>\n\t\t\t<\/figure>\n\t\t\n\t\t<div class=\"portfolio-info\">\n\t\t\t\n\t\t\t\t\t\t\t<h3 class=\"entry-title\">\n\t\t\t\t\t<a href=\"https:\/\/adaelektrik.com\/index.php\/portfolio\/jg949-an\/\" rel=\"bookmark\">JG949 AN<\/a>\n\t\t\t\t<\/h3>\n\t\t\t\n\t\t\t\t\t\t\t\t<ul class=\"proj-cats-list font-alt\">\n\t\t\t\t\t\t\t\t\t\t\t\t<li>d\u0131\u015f mekan ayd\u0131nlatma<\/li>\n\t\t\t\t\t\t\t\t\t\t\t<\/ul>\n\t\t\t\t\t\t\t <\/div>\n\t <\/header>\n\n\t\t\t<div class=\"entry-summary\">\n\t\t\t\t\t<\/div><!-- .entry-summary -->\n\t\n<\/article><!-- #post -->\n\t\t\t\t\t\t\t\t\t\t\t\t\t\t\t\n<article id=\"post-2770\" class=\"portfolio-entry  col-xs-12 col-sm-4 col-md-4 portfolio-single masonry-item proj-cat-dis-mekan-aydinlatma post-2770 portfolio type-portfolio status-publish has-post-thumbnail hentry project-cat-dis-mekan-aydinlatma\">\n\t\t\t<header class=\"entry-header\">\n\t\t\t<figure class=\"entry-thumbnail\">\n\t\t\t\t\t\t\t\t\t\t\t\t<a href=\"https:\/\/adaelektrik.com\/index.php\/portfolio\/jg824-ss\/\" class=\"portfolio-thumbnail\">\n\t\t\t\t\t\t\t\t<img width=\"642\" height=\"705\" src=\"https:\/\/adaelektrik.com\/wp-content\/uploads\/2020\/01\/b_jg824-7050.png\" class=\"attachment-large size-large wp-post-image\" alt=\"\" decoding=\"async\" loading=\"lazy\" srcset=\"https:\/\/adaelektrik.com\/wp-content\/uploads\/2020\/01\/b_jg824-7050.png 642w, https:\/\/adaelektrik.com\/wp-content\/uploads\/2020\/01\/b_jg824-7050-273x300.png 273w\" sizes=\"(max-width: 642px) 100vw, 642px\" \/>\t\t\t\t\t\t\t<\/a>\n\t\t\t\t\t\t\t\t\t\t<a href=\"https:\/\/adaelektrik.com\/wp-content\/uploads\/2020\/01\/b_jg824-7050.png\" class=\"portfolio-enlarge\">View Large<\/a>\n\t\t\t<\/figure>\n\t\t\n\t\t<div class=\"portfolio-info\">\n\t\t\t\n\t\t\t\t\t\t\t<h3 class=\"entry-title\">\n\t\t\t\t\t<a href=\"https:\/\/adaelektrik.com\/index.php\/portfolio\/jg824-ss\/\" rel=\"bookmark\">JG824 SS<\/a>\n\t\t\t\t<\/h3>\n\t\t\t\n\t\t\t\t\t\t\t\t<ul class=\"proj-cats-list font-alt\">\n\t\t\t\t\t\t\t\t\t\t\t\t<li>d\u0131\u015f mekan ayd\u0131nlatma<\/li>\n\t\t\t\t\t\t\t\t\t\t\t<\/ul>\n\t\t\t\t\t\t\t <\/div>\n\t <\/header>\n\n\t\t\t<div class=\"entry-summary\">\n\t\t\t\t\t<\/div><!-- .entry-summary -->\n\t\n<\/article><!-- #post -->\n\t\t\t\t\t\t\t\t\t\t\t\t\t\t\t\n<article id=\"post-2768\" class=\"portfolio-entry  col-xs-12 col-sm-4 col-md-4 portfolio-single masonry-item proj-cat-dis-mekan-aydinlatma post-2768 portfolio type-portfolio status-publish has-post-thumbnail hentry project-cat-dis-mekan-aydinlatma\">\n\t\t\t<header class=\"entry-header\">\n\t\t\t<figure class=\"entry-thumbnail\">\n\t\t\t\t\t\t\t\t\t\t\t\t<a href=\"https:\/\/adaelektrik.com\/index.php\/portfolio\/lg986\/\" class=\"portfolio-thumbnail\">\n\t\t\t\t\t\t\t\t<img width=\"1024\" height=\"1024\" src=\"https:\/\/adaelektrik.com\/wp-content\/uploads\/2020\/01\/b_lg986-9580-1024x1024.png\" class=\"attachment-large size-large wp-post-image\" alt=\"\" decoding=\"async\" loading=\"lazy\" srcset=\"https:\/\/adaelektrik.com\/wp-content\/uploads\/2020\/01\/b_lg986-9580-1024x1024.png 1024w, https:\/\/adaelektrik.com\/wp-content\/uploads\/2020\/01\/b_lg986-9580-300x300.png 300w, https:\/\/adaelektrik.com\/wp-content\/uploads\/2020\/01\/b_lg986-9580-150x150.png 150w, https:\/\/adaelektrik.com\/wp-content\/uploads\/2020\/01\/b_lg986-9580-768x768.png 768w, https:\/\/adaelektrik.com\/wp-content\/uploads\/2020\/01\/b_lg986-9580-45x45.png 45w, https:\/\/adaelektrik.com\/wp-content\/uploads\/2020\/01\/b_lg986-9580.png 1500w\" sizes=\"(max-width: 1024px) 100vw, 1024px\" \/>\t\t\t\t\t\t\t<\/a>\n\t\t\t\t\t\t\t\t\t\t<a href=\"https:\/\/adaelektrik.com\/wp-content\/uploads\/2020\/01\/b_lg986-9580.png\" class=\"portfolio-enlarge\">View Large<\/a>\n\t\t\t<\/figure>\n\t\t\n\t\t<div class=\"portfolio-info\">\n\t\t\t\n\t\t\t\t\t\t\t<h3 class=\"entry-title\">\n\t\t\t\t\t<a href=\"https:\/\/adaelektrik.com\/index.php\/portfolio\/lg986\/\" rel=\"bookmark\">LG986<\/a>\n\t\t\t\t<\/h3>\n\t\t\t\n\t\t\t\t\t\t\t\t<ul class=\"proj-cats-list font-alt\">\n\t\t\t\t\t\t\t\t\t\t\t\t<li>d\u0131\u015f mekan ayd\u0131nlatma<\/li>\n\t\t\t\t\t\t\t\t\t\t\t<\/ul>\n\t\t\t\t\t\t\t <\/div>\n\t <\/header>\n\n\t\t\t<div class=\"entry-summary\">\n\t\t\t\t\t<\/div><!-- .entry-summary -->\n\t\n<\/article><!-- #post -->\n\t\t\t\t\t\t\t\t\t\t\t\t\t\t\t\n<article id=\"post-2766\" class=\"portfolio-entry  col-xs-12 col-sm-4 col-md-4 portfolio-single masonry-item proj-cat-dis-mekan-aydinlatma post-2766 portfolio type-portfolio status-publish has-post-thumbnail hentry project-cat-dis-mekan-aydinlatma\">\n\t\t\t<header class=\"entry-header\">\n\t\t\t<figure class=\"entry-thumbnail\">\n\t\t\t\t\t\t\t\t\t\t\t\t<a href=\"https:\/\/adaelektrik.com\/index.php\/portfolio\/lw942-s\/\" class=\"portfolio-thumbnail\">\n\t\t\t\t\t\t\t\t<img width=\"1024\" height=\"1024\" src=\"https:\/\/adaelektrik.com\/wp-content\/uploads\/2020\/01\/b_lw942-s-3043-1024x1024.png\" class=\"attachment-large size-large wp-post-image\" alt=\"\" decoding=\"async\" loading=\"lazy\" srcset=\"https:\/\/adaelektrik.com\/wp-content\/uploads\/2020\/01\/b_lw942-s-3043-1024x1024.png 1024w, https:\/\/adaelektrik.com\/wp-content\/uploads\/2020\/01\/b_lw942-s-3043-300x300.png 300w, https:\/\/adaelektrik.com\/wp-content\/uploads\/2020\/01\/b_lw942-s-3043-150x150.png 150w, https:\/\/adaelektrik.com\/wp-content\/uploads\/2020\/01\/b_lw942-s-3043-768x768.png 768w, https:\/\/adaelektrik.com\/wp-content\/uploads\/2020\/01\/b_lw942-s-3043-45x45.png 45w, https:\/\/adaelektrik.com\/wp-content\/uploads\/2020\/01\/b_lw942-s-3043.png 1500w\" sizes=\"(max-width: 1024px) 100vw, 1024px\" \/>\t\t\t\t\t\t\t<\/a>\n\t\t\t\t\t\t\t\t\t\t<a href=\"https:\/\/adaelektrik.com\/wp-content\/uploads\/2020\/01\/b_lw942-s-3043.png\" class=\"portfolio-enlarge\">View Large<\/a>\n\t\t\t<\/figure>\n\t\t\n\t\t<div class=\"portfolio-info\">\n\t\t\t\n\t\t\t\t\t\t\t<h3 class=\"entry-title\">\n\t\t\t\t\t<a href=\"https:\/\/adaelektrik.com\/index.php\/portfolio\/lw942-s\/\" rel=\"bookmark\">LW942 S<\/a>\n\t\t\t\t<\/h3>\n\t\t\t\n\t\t\t\t\t\t\t\t<ul class=\"proj-cats-list font-alt\">\n\t\t\t\t\t\t\t\t\t\t\t\t<li>d\u0131\u015f mekan ayd\u0131nlatma<\/li>\n\t\t\t\t\t\t\t\t\t\t\t<\/ul>\n\t\t\t\t\t\t\t <\/div>\n\t <\/header>\n\n\t\t\t<div class=\"entry-summary\">\n\t\t\t\t\t<\/div><!-- .entry-summary -->\n\t\n<\/article><!-- #post -->\n\t\t\t\t\t\t\t\t\t\t\t\t\t\t\t\n<article id=\"post-2764\" class=\"portfolio-entry  col-xs-12 col-sm-4 col-md-4 portfolio-single masonry-item proj-cat-dis-mekan-aydinlatma post-2764 portfolio type-portfolio status-publish has-post-thumbnail hentry project-cat-dis-mekan-aydinlatma\">\n\t\t\t<header class=\"entry-header\">\n\t\t\t<figure class=\"entry-thumbnail\">\n\t\t\t\t\t\t\t\t\t\t\t\t<a href=\"https:\/\/adaelektrik.com\/index.php\/portfolio\/lw401-s\/\" class=\"portfolio-thumbnail\">\n\t\t\t\t\t\t\t\t<img width=\"1024\" height=\"1024\" src=\"https:\/\/adaelektrik.com\/wp-content\/uploads\/2020\/01\/b_lw401-s-4658-1024x1024.png\" class=\"attachment-large size-large wp-post-image\" alt=\"\" decoding=\"async\" loading=\"lazy\" srcset=\"https:\/\/adaelektrik.com\/wp-content\/uploads\/2020\/01\/b_lw401-s-4658-1024x1024.png 1024w, https:\/\/adaelektrik.com\/wp-content\/uploads\/2020\/01\/b_lw401-s-4658-300x300.png 300w, https:\/\/adaelektrik.com\/wp-content\/uploads\/2020\/01\/b_lw401-s-4658-150x150.png 150w, https:\/\/adaelektrik.com\/wp-content\/uploads\/2020\/01\/b_lw401-s-4658-768x768.png 768w, https:\/\/adaelektrik.com\/wp-content\/uploads\/2020\/01\/b_lw401-s-4658-45x45.png 45w, https:\/\/adaelektrik.com\/wp-content\/uploads\/2020\/01\/b_lw401-s-4658.png 1500w\" sizes=\"(max-width: 1024px) 100vw, 1024px\" \/>\t\t\t\t\t\t\t<\/a>\n\t\t\t\t\t\t\t\t\t\t<a href=\"https:\/\/adaelektrik.com\/wp-content\/uploads\/2020\/01\/b_lw401-s-4658.png\" class=\"portfolio-enlarge\">View Large<\/a>\n\t\t\t<\/figure>\n\t\t\n\t\t<div class=\"portfolio-info\">\n\t\t\t\n\t\t\t\t\t\t\t<h3 class=\"entry-title\">\n\t\t\t\t\t<a href=\"https:\/\/adaelektrik.com\/index.php\/portfolio\/lw401-s\/\" rel=\"bookmark\">LW401 S<\/a>\n\t\t\t\t<\/h3>\n\t\t\t\n\t\t\t\t\t\t\t\t<ul class=\"proj-cats-list font-alt\">\n\t\t\t\t\t\t\t\t\t\t\t\t<li>d\u0131\u015f mekan ayd\u0131nlatma<\/li>\n\t\t\t\t\t\t\t\t\t\t\t<\/ul>\n\t\t\t\t\t\t\t <\/div>\n\t <\/header>\n\n\t\t\t<div class=\"entry-summary\">\n\t\t\t\t\t<\/div><!-- .entry-summary -->\n\t\n<\/article><!-- #post -->\n\t\t\t\t\t\t\t\t\t\t\t\t\t\t\t\n<article id=\"post-2761\" class=\"portfolio-entry  col-xs-12 col-sm-4 col-md-4 portfolio-single masonry-item proj-cat-dis-mekan-aydinlatma post-2761 portfolio type-portfolio status-publish has-post-thumbnail hentry project-cat-dis-mekan-aydinlatma\">\n\t\t\t<header class=\"entry-header\">\n\t\t\t<figure class=\"entry-thumbnail\">\n\t\t\t\t\t\t\t\t\t\t\t\t<a href=\"https:\/\/adaelektrik.com\/index.php\/portfolio\/lw985-s\/\" class=\"portfolio-thumbnail\">\n\t\t\t\t\t\t\t\t<img width=\"1024\" height=\"1024\" src=\"https:\/\/adaelektrik.com\/wp-content\/uploads\/2020\/01\/b_lw985-s-6175-1024x1024.png\" class=\"attachment-large size-large wp-post-image\" alt=\"\" decoding=\"async\" loading=\"lazy\" srcset=\"https:\/\/adaelektrik.com\/wp-content\/uploads\/2020\/01\/b_lw985-s-6175-1024x1024.png 1024w, https:\/\/adaelektrik.com\/wp-content\/uploads\/2020\/01\/b_lw985-s-6175-300x300.png 300w, https:\/\/adaelektrik.com\/wp-content\/uploads\/2020\/01\/b_lw985-s-6175-150x150.png 150w, https:\/\/adaelektrik.com\/wp-content\/uploads\/2020\/01\/b_lw985-s-6175-768x768.png 768w, https:\/\/adaelektrik.com\/wp-content\/uploads\/2020\/01\/b_lw985-s-6175-45x45.png 45w, https:\/\/adaelektrik.com\/wp-content\/uploads\/2020\/01\/b_lw985-s-6175.png 1500w\" sizes=\"(max-width: 1024px) 100vw, 1024px\" \/>\t\t\t\t\t\t\t<\/a>\n\t\t\t\t\t\t\t\t\t\t<a href=\"https:\/\/adaelektrik.com\/wp-content\/uploads\/2020\/01\/b_lw985-s-6175.png\" class=\"portfolio-enlarge\">View Large<\/a>\n\t\t\t<\/figure>\n\t\t\n\t\t<div class=\"portfolio-info\">\n\t\t\t\n\t\t\t\t\t\t\t<h3 class=\"entry-title\">\n\t\t\t\t\t<a href=\"https:\/\/adaelektrik.com\/index.php\/portfolio\/lw985-s\/\" rel=\"bookmark\">LW985 S<\/a>\n\t\t\t\t<\/h3>\n\t\t\t\n\t\t\t\t\t\t\t\t<ul class=\"proj-cats-list font-alt\">\n\t\t\t\t\t\t\t\t\t\t\t\t<li>d\u0131\u015f mekan ayd\u0131nlatma<\/li>\n\t\t\t\t\t\t\t\t\t\t\t<\/ul>\n\t\t\t\t\t\t\t <\/div>\n\t <\/header>\n\n\t\t\t<div class=\"entry-summary\">\n\t\t\t\t\t<\/div><!-- .entry-summary -->\n\t\n<\/article><!-- #post -->\n\t\t\t\t\t\t\t\t\t\t\t\t\t\t\t\n<article id=\"post-2759\" class=\"portfolio-entry  col-xs-12 col-sm-4 col-md-4 portfolio-single masonry-item proj-cat-dis-mekan-aydinlatma post-2759 portfolio type-portfolio status-publish has-post-thumbnail hentry project-cat-dis-mekan-aydinlatma\">\n\t\t\t<header class=\"entry-header\">\n\t\t\t<figure class=\"entry-thumbnail\">\n\t\t\t\t\t\t\t\t\t\t\t\t<a href=\"https:\/\/adaelektrik.com\/index.php\/portfolio\/lw429-s\/\" class=\"portfolio-thumbnail\">\n\t\t\t\t\t\t\t\t<img width=\"1024\" height=\"1024\" src=\"https:\/\/adaelektrik.com\/wp-content\/uploads\/2020\/01\/b_lw429-s-1002-1024x1024.png\" class=\"attachment-large size-large wp-post-image\" alt=\"\" decoding=\"async\" loading=\"lazy\" srcset=\"https:\/\/adaelektrik.com\/wp-content\/uploads\/2020\/01\/b_lw429-s-1002-1024x1024.png 1024w, https:\/\/adaelektrik.com\/wp-content\/uploads\/2020\/01\/b_lw429-s-1002-300x300.png 300w, https:\/\/adaelektrik.com\/wp-content\/uploads\/2020\/01\/b_lw429-s-1002-150x150.png 150w, https:\/\/adaelektrik.com\/wp-content\/uploads\/2020\/01\/b_lw429-s-1002-768x768.png 768w, https:\/\/adaelektrik.com\/wp-content\/uploads\/2020\/01\/b_lw429-s-1002-45x45.png 45w, https:\/\/adaelektrik.com\/wp-content\/uploads\/2020\/01\/b_lw429-s-1002.png 1500w\" sizes=\"(max-width: 1024px) 100vw, 1024px\" \/>\t\t\t\t\t\t\t<\/a>\n\t\t\t\t\t\t\t\t\t\t<a href=\"https:\/\/adaelektrik.com\/wp-content\/uploads\/2020\/01\/b_lw429-s-1002.png\" class=\"portfolio-enlarge\">View Large<\/a>\n\t\t\t<\/figure>\n\t\t\n\t\t<div class=\"portfolio-info\">\n\t\t\t\n\t\t\t\t\t\t\t<h3 class=\"entry-title\">\n\t\t\t\t\t<a href=\"https:\/\/adaelektrik.com\/index.php\/portfolio\/lw429-s\/\" rel=\"bookmark\">LW429 S<\/a>\n\t\t\t\t<\/h3>\n\t\t\t\n\t\t\t\t\t\t\t\t<ul class=\"proj-cats-list font-alt\">\n\t\t\t\t\t\t\t\t\t\t\t\t<li>d\u0131\u015f mekan ayd\u0131nlatma<\/li>\n\t\t\t\t\t\t\t\t\t\t\t<\/ul>\n\t\t\t\t\t\t\t <\/div>\n\t <\/header>\n\n\t\t\t<div class=\"entry-summary\">\n\t\t\t\t\t<\/div><!-- .entry-summary -->\n\t\n<\/article><!-- #post -->\n\t\t\t\t\t\t\t\n\t\t\t\t\t\t\t\t\t\t\t\t<\/div>\n\t\t\t\t\t\t<\/div>\n\n\t\t\t\t\t\t<div class=\"vc_row-full-width\"><\/div>\n\n\t\t\t\t\t\t\t\t\t\t\t\t\t    \t<div class=\"portfolio-footer\">\n\t\t\t\t\t\t\t    \t\t\t\t\t\t\t\t\t    \t\t\t<div class='basel-pagination'><span class='current'>1<\/span><a href='https:\/\/adaelektrik.com\/index.php\/wp-json\/wp\/v2\/pages\/3142\/page\/2\/' class='inactive' >2<\/a><a href='https:\/\/adaelektrik.com\/index.php\/wp-json\/wp\/v2\/pages\/3142\/page\/3\/' class='inactive' >3<\/a><a href='https:\/\/adaelektrik.com\/index.php\/wp-json\/wp\/v2\/pages\/3142\/page\/4\/' class='inactive' >4<\/a><\/div>\n\t\t\t\t\t\t\t    \t\t\t\t\t\t\t\t\t    \t<\/div>\n\t\t\t\t\t\t\t    \t\t\t\t\t\n\t\t\t\t\n\t\t\t\t\t\t<\/div><!-- .site-content -->\n\t\t\t\t\t[\/vc_column][\/vc_row]<\/p>\n","protected":false},"excerpt":{"rendered":"<p>[vc_row][vc_column][\/vc_column][\/vc_row]<\/p>\n","protected":false},"author":1,"featured_media":0,"parent":0,"menu_order":0,"comment_status":"closed","ping_status":"closed","template":"","meta":[],"_links":{"self":[{"href":"https:\/\/adaelektrik.com\/index.php\/wp-json\/wp\/v2\/pages\/3142"}],"collection":[{"href":"https:\/\/adaelektrik.com\/index.php\/wp-json\/wp\/v2\/pages"}],"about":[{"href":"https:\/\/adaelektrik.com\/index.php\/wp-json\/wp\/v2\/types\/page"}],"author":[{"embeddable":true,"href":"https:\/\/adaelektrik.com\/index.php\/wp-json\/wp\/v2\/users\/1"}],"replies":[{"embeddable":true,"href":"https:\/\/adaelektrik.com\/index.php\/wp-json\/wp\/v2\/comments?post=3142"}],"version-history":[{"count":1,"href":"https:\/\/adaelektrik.com\/index.php\/wp-json\/wp\/v2\/pages\/3142\/revisions"}],"predecessor-version":[{"id":3143,"href":"https:\/\/adaelektrik.com\/index.php\/wp-json\/wp\/v2\/pages\/3142\/revisions\/3143"}],"wp:attachment":[{"href":"https:\/\/adaelektrik.com\/index.php\/wp-json\/wp\/v2\/media?parent=3142"}],"curies":[{"name":"wp","href":"https:\/\/api.w.org\/{rel}","templated":true}]}}