{"id":508,"date":"2017-01-29T14:56:00","date_gmt":"2017-01-29T14:56:00","guid":{"rendered":"http:\/\/dummy.xtemos.com\/basel\/vers\/?page_id=508"},"modified":"2020-12-22T11:22:41","modified_gmt":"2020-12-22T08:22:41","slug":"home-flat-full-width","status":"publish","type":"page","link":"https:\/\/adaelektrik.com\/","title":{"rendered":"Anasayfa"},"content":{"rendered":"<p>[vc_row css=&#8221;.vc_custom_1474202240569{margin-bottom: 5px !important;}&#8221;][vc_column css=&#8221;.vc_custom_1452525768861{margin-top: -40px !important;}&#8221;][rev_slider_vc alias=&#8221;home-flat-full-width&#8221;][vc_empty_space][\/vc_column][\/vc_row][vc_row css=&#8221;.vc_custom_1474119945849{margin-bottom: 8vh !important;}&#8221;][vc_column]<div class=\"title-wrapper  basel-title-color-default basel-title-style-simple basel-title-size-default text-center vc_custom_1579680883753\"><div class=\"liner-continer\"> <span class=\"left-line\"><\/span> <h4 class=\"title\" >Hizmetlerimiz<span class=\"title-separator\"><span><\/span><\/span><\/h4> <span class=\"right-line\"><\/span> <\/div><\/div>\t\t\t<div id=\"carousel-581\" class=\"banners-carousel-wrapper\" data-owl-carousel data-desktop=\"4\" data-desktop_small=\"3\" data-tablet=\"3\" data-mobile=\"1\">\n\t\t\t\t<div class=\"owl-carousel banners-carousel \" >\n\t\t\t\t\t\n\t\t\t<div class=\"promo-banner cursor-pointer text-center vertical-alignment-bottom banner-2 hover-1 color-scheme-light \" onclick=\"window.location.href='https:\/\/adaelektrik.com\/index.php\/proje-taahhut\/'\" >\n\n\t\t\t\t<div class=\"main-wrapp-img\">\n\t\t\t\t\t<div class=\"banner-image\">\n\t\t\t\t\t\t\t\t\t\t\t\t\t\t\t\t\t\t\t\t\t<img class=\"promo-banner-image image-1 \" src=\"https:\/\/adaelektrik.com\/wp-content\/uploads\/2020\/02\/ada-400x400.jpg\" width=\"400\" height=\"400\" alt=\"ada\" title=\"ada\" \/>\t\t\t\t\t\t\t\t\t\t\t\t\t\t\t\t\t\t<\/div>\n\t\t\t\t<\/div>\n\n\t\t\t\t<div class=\"wrapper-content-baner\">\n\t\t\t\t\t<div class=\"banner-inner\">\n\t\t\t\t\t\t<\/p>\n<h2><strong>OTOMASYON<\/strong><\/h2>\n<p>\n\t\t\t\t\t<\/div>\n\t\t\t\t<\/div>\n\n\t\t\t<\/div>\n\n\n\t\t\n\t\t\t<div class=\"promo-banner cursor-pointer text-center vertical-alignment-bottom banner-2 hover-1 color-scheme-light \" onclick=\"window.location.href='https:\/\/adaelektrik.com\/index.php\/cevre-aydinlatma-sistemleri\/'\" >\n\n\t\t\t\t<div class=\"main-wrapp-img\">\n\t\t\t\t\t<div class=\"banner-image\">\n\t\t\t\t\t\t\t\t\t\t\t\t\t\t\t\t\t\t\t\t\t<img class=\"promo-banner-image image-1 \" src=\"https:\/\/adaelektrik.com\/wp-content\/uploads\/2020\/01\/cevre-aydinlatma-sistemleri-400x400.jpg\" width=\"400\" height=\"400\" alt=\"cevre-aydinlatma-sistemleri\" title=\"cevre-aydinlatma-sistemleri\" \/>\t\t\t\t\t\t\t\t\t\t\t\t\t\t\t\t\t\t<\/div>\n\t\t\t\t<\/div>\n\n\t\t\t\t<div class=\"wrapper-content-baner\">\n\t\t\t\t\t<div class=\"banner-inner\">\n\t\t\t\t\t\t<\/p>\n<h2 class=\"entry-title\">\u00c7EVRE AYDINLATMA S\u0130STEMLER\u0130<\/h2>\n<p>\n\t\t\t\t\t<\/div>\n\t\t\t\t<\/div>\n\n\t\t\t<\/div>\n\n\n\t\t\n\t\t\t<div class=\"promo-banner cursor-pointer text-center vertical-alignment-bottom banner-2 hover-1 color-scheme-light \" onclick=\"window.location.href='https:\/\/adaelektrik.com\/index.php\/fabrika-aydinlatma-ve-tesisatlari\/'\" >\n\n\t\t\t\t<div class=\"main-wrapp-img\">\n\t\t\t\t\t<div class=\"banner-image\">\n\t\t\t\t\t\t\t\t\t\t\t\t\t\t\t\t\t\t\t\t\t<img class=\"promo-banner-image image-1 \" src=\"https:\/\/adaelektrik.com\/wp-content\/uploads\/2020\/01\/fabrika-aydinlatma-tesisati-400x400.jpg\" width=\"400\" height=\"400\" alt=\"fabrika-aydinlatma-tesisati\" title=\"fabrika-aydinlatma-tesisati\" \/>\t\t\t\t\t\t\t\t\t\t\t\t\t\t\t\t\t\t<\/div>\n\t\t\t\t<\/div>\n\n\t\t\t\t<div class=\"wrapper-content-baner\">\n\t\t\t\t\t<div class=\"banner-inner\">\n\t\t\t\t\t\t<\/p>\n<h2 class=\"entry-title\">FABR\u0130KA AYDINLATMA VE TES\u0130SATLARI<\/h2>\n<p>\n\t\t\t\t\t<\/div>\n\t\t\t\t<\/div>\n\n\t\t\t<\/div>\n\n\n\t\t\n\t\t\t<div class=\"promo-banner cursor-pointer text-center vertical-alignment-bottom banner-2 hover-1 color-scheme-light \" onclick=\"window.location.href='https:\/\/adaelektrik.com\/index.php\/goruntulu-diafon-sistemleri\/'\" >\n\n\t\t\t\t<div class=\"main-wrapp-img\">\n\t\t\t\t\t<div class=\"banner-image\">\n\t\t\t\t\t\t\t\t\t\t\t\t\t\t\t\t\t\t\t\t\t<img class=\"promo-banner-image image-1 \" src=\"https:\/\/adaelektrik.com\/wp-content\/uploads\/2020\/01\/goruntulu-diafon-sistemleri-400x400.jpg\" width=\"400\" height=\"400\" alt=\"goruntulu-diafon-sistemleri\" title=\"goruntulu-diafon-sistemleri\" \/>\t\t\t\t\t\t\t\t\t\t\t\t\t\t\t\t\t\t<\/div>\n\t\t\t\t<\/div>\n\n\t\t\t\t<div class=\"wrapper-content-baner\">\n\t\t\t\t\t<div class=\"banner-inner\">\n\t\t\t\t\t\t<\/p>\n<h2 class=\"entry-title\">G\u00d6R\u00dcNT\u00dcL\u00dc D\u0130AFON S\u0130STEMLER\u0130<\/h2>\n<p>\n\t\t\t\t\t<\/div>\n\t\t\t\t<\/div>\n\n\t\t\t<\/div>\n\n\n\t\t\n\t\t\t<div class=\"promo-banner cursor-pointer text-center vertical-alignment-bottom banner-2 hover-1 color-scheme-light \" onclick=\"window.location.href='https:\/\/adaelektrik.com\/index.php\/tesis-montaj-ve-bakimi\/'\" >\n\n\t\t\t\t<div class=\"main-wrapp-img\">\n\t\t\t\t\t<div class=\"banner-image\">\n\t\t\t\t\t\t\t\t\t\t\t\t\t\t\t\t\t\t\t\t\t<img class=\"promo-banner-image image-1 \" src=\"https:\/\/adaelektrik.com\/wp-content\/uploads\/2020\/01\/tesis-montaj-bakim-400x400.jpg\" width=\"400\" height=\"400\" alt=\"tesis-montaj-bakim\" title=\"tesis-montaj-bakim\" \/>\t\t\t\t\t\t\t\t\t\t\t\t\t\t\t\t\t\t<\/div>\n\t\t\t\t<\/div>\n\n\t\t\t\t<div class=\"wrapper-content-baner\">\n\t\t\t\t\t<div class=\"banner-inner\">\n\t\t\t\t\t\t<\/p>\n<h2 class=\"entry-title\">TES\u0130S MONTAJ VE BAKIMI<\/h2>\n<p>\n\t\t\t\t\t<\/div>\n\t\t\t\t<\/div>\n\n\t\t\t<\/div>\n\n\n\t\t\n\t\t\t<div class=\"promo-banner cursor-pointer text-center vertical-alignment-bottom banner-2 hover-1 color-scheme-light \" onclick=\"window.location.href='https:\/\/adaelektrik.com\/index.php\/insaat-elektrik-tesisati\/'\" >\n\n\t\t\t\t<div class=\"main-wrapp-img\">\n\t\t\t\t\t<div class=\"banner-image\">\n\t\t\t\t\t\t\t\t\t\t\t\t\t\t\t\t\t\t\t\t\t<img class=\"promo-banner-image image-1 \" src=\"https:\/\/adaelektrik.com\/wp-content\/uploads\/2020\/01\/insaat-elektrik-tesisati-400x400.jpg\" width=\"400\" height=\"400\" alt=\"Elektroinstallation Meuseloch Elektroinstallation K\u00fcche Elektroinstallation K\u00fcche Bilder Das Wirklich Erstaunlich F\u00fcr Dich Wohndesign \u00dcberpr\u00fcfung - WoningWinn\" title=\"Elektroinstallation Meuseloch Elektroinstallation K\u00fcche Elektro\" \/>\t\t\t\t\t\t\t\t\t\t\t\t\t\t\t\t\t\t<\/div>\n\t\t\t\t<\/div>\n\n\t\t\t\t<div class=\"wrapper-content-baner\">\n\t\t\t\t\t<div class=\"banner-inner\">\n\t\t\t\t\t\t<\/p>\n<h2 class=\"entry-title\">\u0130N\u015eAAT ELEKTR\u0130K TES\u0130SATI<\/h2>\n<p>\n\t\t\t\t\t<\/div>\n\t\t\t\t<\/div>\n\n\t\t\t<\/div>\n\n\n\t\t\n\t\t\t<div class=\"promo-banner cursor-pointer text-center vertical-alignment-bottom banner-2 hover-1 color-scheme-light \" onclick=\"window.location.href='https:\/\/adaelektrik.com\/index.php\/pano-montaji\/'\" >\n\n\t\t\t\t<div class=\"main-wrapp-img\">\n\t\t\t\t\t<div class=\"banner-image\">\n\t\t\t\t\t\t\t\t\t\t\t\t\t\t\t\t\t\t\t\t\t<img class=\"promo-banner-image image-1 \" src=\"https:\/\/adaelektrik.com\/wp-content\/uploads\/2020\/01\/pano-montaji-400x400.jpg\" width=\"400\" height=\"400\" alt=\"pano-montaji\" title=\"pano-montaji\" \/>\t\t\t\t\t\t\t\t\t\t\t\t\t\t\t\t\t\t<\/div>\n\t\t\t\t<\/div>\n\n\t\t\t\t<div class=\"wrapper-content-baner\">\n\t\t\t\t\t<div class=\"banner-inner\">\n\t\t\t\t\t\t<\/p>\n<h2 class=\"entry-title\">PANO MONTAJI<\/h2>\n<p>\n\t\t\t\t\t<\/div>\n\t\t\t\t<\/div>\n\n\t\t\t<\/div>\n\n\n\t\t\t\t\t\t<\/div>\n\t\t\t<\/div>\n\t\t[\/vc_column][\/vc_row][vc_row full_width=&#8221;stretch_row_content&#8221; css=&#8221;.vc_custom_1587798093956{background-image: url(https:\/\/adaelektrik.com\/wp-content\/uploads\/2020\/04\/acik-ampul-aydinlatilmis-elektrik-577513-scaled-1.jpg?id=4665) !important;background-position: center !important;background-repeat: no-repeat !important;background-size: cover !important;}&#8221;][vc_column][vc_empty_space height=&#8221;200px&#8221;][\/vc_column][\/vc_row][vc_row css=&#8221;.vc_custom_1474314192470{margin-bottom: 7vh !important;}&#8221;][vc_column width=&#8221;1\/3&#8243;]\n\t\t\t<div class=\"promo-banner text-center vertical-alignment-top banner- hover- color-scheme-light \"  >\n\n\t\t\t\t<div class=\"main-wrapp-img\">\n\t\t\t\t\t<div class=\"banner-image\">\n\t\t\t\t\t\t\t\t\t\t\t\t\t\t\t\t\t\t\t\t\t<img class=\"promo-banner-image image-1 \" src=\"https:\/\/adaelektrik.com\/wp-content\/uploads\/2020\/01\/Untitled-1.jpg\" width=\"500\" height=\"500\" alt=\"Untitled-1\" title=\"Untitled-1\" \/>\t\t\t\t\t\t\t\t\t\t\t\t\t\t\t\t\t\t<\/div>\n\t\t\t\t<\/div>\n\n\t\t\t\t<div class=\"wrapper-content-baner\">\n\t\t\t\t\t<div class=\"banner-inner\">\n\t\t\t\t\t\t<\/p>\n<h3>REG\u00dcLAT\u00d6R<\/h3>\n<p>\n\t\t\t\t\t<\/div>\n\t\t\t\t<\/div>\n\n\t\t\t<\/div>\n\n\n\t\t[\/vc_column][vc_column width=&#8221;1\/3&#8243;]\n\t\t\t<div class=\"promo-banner cursor-pointer text-center vertical-alignment-top banner- hover- color-scheme-light \" onclick=\"window.location.href='https:\/\/adaelektrik.com\/index.php\/jeneratorler\/'\" >\n\n\t\t\t\t<div class=\"main-wrapp-img\">\n\t\t\t\t\t<div class=\"banner-image\">\n\t\t\t\t\t\t\t\t\t\t\t\t\t\t\t\t\t\t\t\t\t<img class=\"promo-banner-image image-1 \" src=\"https:\/\/adaelektrik.com\/wp-content\/uploads\/2020\/01\/Untitled-2-1.jpg\" width=\"500\" height=\"500\" alt=\"Untitled-2\" title=\"Untitled-2\" \/>\t\t\t\t\t\t\t\t\t\t\t\t\t\t\t\t\t\t<\/div>\n\t\t\t\t<\/div>\n\n\t\t\t\t<div class=\"wrapper-content-baner\">\n\t\t\t\t\t<div class=\"banner-inner\">\n\t\t\t\t\t\t<\/p>\n<h1>JENERAT\u00d6R<\/h1>\n<p>\n\t\t\t\t\t<\/div>\n\t\t\t\t<\/div>\n\n\t\t\t<\/div>\n\n\n\t\t[\/vc_column][vc_column width=&#8221;1\/3&#8243;]\n\t\t\t<div class=\"promo-banner text-center vertical-alignment-top banner- hover- color-scheme-light \"  >\n\n\t\t\t\t<div class=\"main-wrapp-img\">\n\t\t\t\t\t<div class=\"banner-image\">\n\t\t\t\t\t\t\t\t\t\t\t\t\t\t\t\t\t\t\t\t\t<img class=\"promo-banner-image image-1 \" src=\"https:\/\/adaelektrik.com\/wp-content\/uploads\/2020\/02\/Untitled-1asd.png\" width=\"500\" height=\"500\" alt=\"Untitled-1asd\" title=\"Untitled-1asd\" \/>\t\t\t\t\t\t\t\t\t\t\t\t\t\t\t\t\t\t<\/div>\n\t\t\t\t<\/div>\n\n\t\t\t\t<div class=\"wrapper-content-baner\">\n\t\t\t\t\t<div class=\"banner-inner\">\n\t\t\t\t\t\t<\/p>\n<h1>ENERJ\u0130 PANELLER\u0130<\/h1>\n<p>\n\t\t\t\t\t<\/div>\n\t\t\t\t<\/div>\n\n\t\t\t<\/div>\n\n\n\t\t[\/vc_column][\/vc_row][vc_row full_width=&#8221;stretch_row_content&#8221; css=&#8221;.vc_custom_1587797784447{margin-bottom: 8vh !important;padding-top: 20vh !important;padding-right: 25px !important;padding-bottom: 20vh !important;padding-left: 25px !important;background-image: url(https:\/\/adaelektrik.com\/wp-content\/uploads\/2020\/04\/ada-1.jpg?id=4661) !important;background-position: center !important;background-repeat: no-repeat !important;background-size: cover !important;}&#8221;][vc_column css=&#8221;.vc_custom_1474313977910{padding-top: 0px !important;}&#8221;][vc_empty_space height=&#8221;350px&#8221;][\/vc_column][\/vc_row][vc_row css=&#8221;.vc_custom_1474119988311{margin-bottom: 8vh !important;}&#8221;][vc_column]<div class=\"title-wrapper  basel-title-color-default basel-title-style-simple basel-title-size-default text-center vc_custom_1579696282843\"><div class=\"liner-continer\"> <span class=\"left-line\"><\/span> <h4 class=\"title\" >HABERLER<span class=\"title-separator\"><span><\/span><\/span><\/h4> <span class=\"right-line\"><\/span> <\/div><\/div>\t\t\t\t\n\t\t\t\t<div id=\"carousel-100\" class=\"vc_carousel_container  title-line-\" data-owl-carousel data-desktop=\"4\" data-desktop_small=\"3\" data-tablet=\"3\" data-mobile=\"1\">\n\t\t\t\t\t<div class=\"owl-carousel product-items \">\n\n\t\t\t\t\t\t\t\t\t<div class=\"product-item owl-carousel-item\">\n\t\t\t\t<div class=\"owl-carousel-item-inner\">\n\n\t\t\t\t\t\t\t\t\t\t\t<article id=\"post-1709\" class=\"post-slide blog-design-masonry post-1709 post type-post status-publish format-standard has-post-thumbnail hentry category-haberler\">\n\t\n\t<div class=\"post-head\">\n\t\t\t\t\t<a href=\"https:\/\/adaelektrik.com\/index.php\/2020\/01\/22\/evinin-farkli-odalarinda-hangi-aydinlatma-tekniklerini-kullanmalisin\/\">\n\t\t\t\t<figure class=\"entry-thumbnail\"><img class=\"content-slider-image \" src=\"https:\/\/adaelektrik.com\/wp-content\/uploads\/2020\/01\/kapak-380x232.jpg\" width=\"380\" height=\"232\" alt=\"kapak\" title=\"kapak\" \/><\/figure>\n\t\t\t<\/a>\n\t\t\n\t\t\t\t\t<div class=\"post-date\" onclick=\"\">\n\t\t\t\t<span class=\"post-date-day\">\n\t\t\t\t\t22\t\t\t\t<\/span>\n\t\t\t\t<span class=\"post-date-month\">\n\t\t\t\t\tOca\t\t\t\t<\/span>\n\t\t\t<\/div>\n\t\t\t<\/div>\n\n\t<div class=\"post-mask\">\n\n\t\t\t\t\t\t\t\t\t<div class=\"meta-post-categories\"><a href=\"https:\/\/adaelektrik.com\/index.php\/category\/haberler\/\" rel=\"category tag\">Haberler<\/a><\/div>\n\t\t\t\n\t\t\t<h3 class=\"entry-title\">\n\t\t\t\t<a href=\"https:\/\/adaelektrik.com\/index.php\/2020\/01\/22\/evinin-farkli-odalarinda-hangi-aydinlatma-tekniklerini-kullanmalisin\/\" rel=\"bookmark\">Evinin Farkl\u0131 Odalar\u0131nda Hangi Ayd\u0131nlatma Tekniklerini Kullanmal\u0131s\u0131n?<\/a>\n\t\t\t<\/h3>\n\t\t\t<div class=\"entry-meta basel-entry-meta font-alt\">\n\t\t\t\t\t\t\t<ul class=\"entry-meta-list\">\n\t\t\t\t\n\t\t\t\t\t\t\t\t\t\t<li class=\"modified-date\"><time class=\"updated\" datetime=\"2020-01-22T17:42:04+03:00\">22 Ocak 2020<\/time><\/li>\n\n\t\t\t\t\t\n\t\t\t\t\t\t\t\t\t\t\t\t\t\t\t\t\t\t\t\t\t\t\t\t\t\t\t\t\t\t\t\t\t\t\t\t\t\t\t\t\t\t\t\t\t\t\t\t\t\t\t\t\t\t\t\t<li><span class=\"meta-reply\">\n\t\t\t\t\t\t\t<a href=\"https:\/\/adaelektrik.com\/index.php\/2020\/01\/22\/evinin-farkli-odalarinda-hangi-aydinlatma-tekniklerini-kullanmalisin\/#respond\">Leave a comment<\/a>\t\t\t\t\t\t<\/span><\/li>\n\t\t\t\t\t\t\t\t\t\t\t\t\t\t\t\t\t\t\t\t\t\t<\/ul>\n\t\t\t\t\t<\/div><!-- .entry-meta -->\n\t\t\t\n\t\t\t<div class=\"entry-content\">\n\t\t\t\t\t\t\t<\/div><!-- .entry-meta -->\n\n\t\t\n\t<\/div>\n\n<\/article><!-- #post -->\n\n\t\t\t\t\t\n\t\t\t\t<\/div>\n\t\t\t<\/div>\n\t\t\t\t\t<div class=\"product-item owl-carousel-item\">\n\t\t\t\t<div class=\"owl-carousel-item-inner\">\n\n\t\t\t\t\t\t\t\t\t\t\t<article id=\"post-1706\" class=\"post-slide blog-design-masonry post-1706 post type-post status-publish format-standard has-post-thumbnail hentry category-haberler\">\n\t\n\t<div class=\"post-head\">\n\t\t\t\t\t<a href=\"https:\/\/adaelektrik.com\/index.php\/2020\/01\/22\/enerji-kimlik-belgesi-nedir\/\">\n\t\t\t\t<figure class=\"entry-thumbnail\"><img class=\"content-slider-image \" src=\"https:\/\/adaelektrik.com\/wp-content\/uploads\/2020\/01\/enerji_kimlik_hero-01-380x232.jpg\" width=\"380\" height=\"232\" alt=\"enerji_kimlik_hero-01\" title=\"enerji_kimlik_hero-01\" \/><\/figure>\n\t\t\t<\/a>\n\t\t\n\t\t\t\t\t<div class=\"post-date\" onclick=\"\">\n\t\t\t\t<span class=\"post-date-day\">\n\t\t\t\t\t22\t\t\t\t<\/span>\n\t\t\t\t<span class=\"post-date-month\">\n\t\t\t\t\tOca\t\t\t\t<\/span>\n\t\t\t<\/div>\n\t\t\t<\/div>\n\n\t<div class=\"post-mask\">\n\n\t\t\t\t\t\t\t\t\t<div class=\"meta-post-categories\"><a href=\"https:\/\/adaelektrik.com\/index.php\/category\/haberler\/\" rel=\"category tag\">Haberler<\/a><\/div>\n\t\t\t\n\t\t\t<h3 class=\"entry-title\">\n\t\t\t\t<a href=\"https:\/\/adaelektrik.com\/index.php\/2020\/01\/22\/enerji-kimlik-belgesi-nedir\/\" rel=\"bookmark\">Enerji Kimlik Belgesi Nedir?<\/a>\n\t\t\t<\/h3>\n\t\t\t<div class=\"entry-meta basel-entry-meta font-alt\">\n\t\t\t\t\t\t\t<ul class=\"entry-meta-list\">\n\t\t\t\t\n\t\t\t\t\t\t\t\t\t\t<li class=\"modified-date\"><time class=\"updated\" datetime=\"2020-01-22T17:29:16+03:00\">22 Ocak 2020<\/time><\/li>\n\n\t\t\t\t\t\n\t\t\t\t\t\t\t\t\t\t\t\t\t\t\t\t\t\t\t\t\t\t\t\t\t\t\t\t\t\t\t\t\t\t\t\t\t\t\t\t\t\t\t\t\t\t\t\t\t\t\t\t\t\t\t\t<li><span class=\"meta-reply\">\n\t\t\t\t\t\t\t<a href=\"https:\/\/adaelektrik.com\/index.php\/2020\/01\/22\/enerji-kimlik-belgesi-nedir\/#respond\">Leave a comment<\/a>\t\t\t\t\t\t<\/span><\/li>\n\t\t\t\t\t\t\t\t\t\t\t\t\t\t\t\t\t\t\t\t\t\t<\/ul>\n\t\t\t\t\t<\/div><!-- .entry-meta -->\n\t\t\t\n\t\t\t<div class=\"entry-content\">\n\t\t\t\t\t\t\t<\/div><!-- .entry-meta -->\n\n\t\t\n\t<\/div>\n\n<\/article><!-- #post -->\n\n\t\t\t\t\t\n\t\t\t\t<\/div>\n\t\t\t<\/div>\n\t\t\t\t\t<div class=\"product-item owl-carousel-item\">\n\t\t\t\t<div class=\"owl-carousel-item-inner\">\n\n\t\t\t\t\t\t\t\t\t\t\t<article id=\"post-1704\" class=\"post-slide blog-design-masonry post-1704 post type-post status-publish format-standard has-post-thumbnail hentry category-haberler\">\n\t\n\t<div class=\"post-head\">\n\t\t\t\t\t<a href=\"https:\/\/adaelektrik.com\/index.php\/2020\/01\/22\/evde-led-aydinlatma-dekorasyonu\/\">\n\t\t\t\t<figure class=\"entry-thumbnail\"><img class=\"content-slider-image \" src=\"https:\/\/adaelektrik.com\/wp-content\/uploads\/2020\/01\/2016-lambader-modelleri-380x232.jpg\" width=\"380\" height=\"232\" alt=\"2016-lambader-modelleri\" title=\"2016-lambader-modelleri\" \/><\/figure>\n\t\t\t<\/a>\n\t\t\n\t\t\t\t\t<div class=\"post-date\" onclick=\"\">\n\t\t\t\t<span class=\"post-date-day\">\n\t\t\t\t\t22\t\t\t\t<\/span>\n\t\t\t\t<span class=\"post-date-month\">\n\t\t\t\t\tOca\t\t\t\t<\/span>\n\t\t\t<\/div>\n\t\t\t<\/div>\n\n\t<div class=\"post-mask\">\n\n\t\t\t\t\t\t\t\t\t<div class=\"meta-post-categories\"><a href=\"https:\/\/adaelektrik.com\/index.php\/category\/haberler\/\" rel=\"category tag\">Haberler<\/a><\/div>\n\t\t\t\n\t\t\t<h3 class=\"entry-title\">\n\t\t\t\t<a href=\"https:\/\/adaelektrik.com\/index.php\/2020\/01\/22\/evde-led-aydinlatma-dekorasyonu\/\" rel=\"bookmark\">EVDE LED AYDINLATMA DEKORASYONU<\/a>\n\t\t\t<\/h3>\n\t\t\t<div class=\"entry-meta basel-entry-meta font-alt\">\n\t\t\t\t\t\t\t<ul class=\"entry-meta-list\">\n\t\t\t\t\n\t\t\t\t\t\t\t\t\t\t<li class=\"modified-date\"><time class=\"updated\" datetime=\"2020-01-22T17:38:39+03:00\">22 Ocak 2020<\/time><\/li>\n\n\t\t\t\t\t\n\t\t\t\t\t\t\t\t\t\t\t\t\t\t\t\t\t\t\t\t\t\t\t\t\t\t\t\t\t\t\t\t\t\t\t\t\t\t\t\t\t\t\t\t\t\t\t\t\t\t\t\t\t\t\t\t<li><span class=\"meta-reply\">\n\t\t\t\t\t\t\t<a href=\"https:\/\/adaelektrik.com\/index.php\/2020\/01\/22\/evde-led-aydinlatma-dekorasyonu\/#respond\">Leave a comment<\/a>\t\t\t\t\t\t<\/span><\/li>\n\t\t\t\t\t\t\t\t\t\t\t\t\t\t\t\t\t\t\t\t\t\t<\/ul>\n\t\t\t\t\t<\/div><!-- .entry-meta -->\n\t\t\t\n\t\t\t<div class=\"entry-content\">\n\t\t\t\t\t\t\t<\/div><!-- .entry-meta -->\n\n\t\t\n\t<\/div>\n\n<\/article><!-- #post -->\n\n\t\t\t\t\t\n\t\t\t\t<\/div>\n\t\t\t<\/div>\n\t\t\t\t\t<div class=\"product-item owl-carousel-item\">\n\t\t\t\t<div class=\"owl-carousel-item-inner\">\n\n\t\t\t\t\t\t\t\t\t\t\t<article id=\"post-160\" class=\"post-slide blog-design-masonry post-160 post type-post status-publish format-standard has-post-thumbnail hentry category-haberler\">\n\t\n\t<div class=\"post-head\">\n\t\t\t\t\t<a href=\"https:\/\/adaelektrik.com\/index.php\/2017\/01\/24\/devir-teknoloji-devri\/\">\n\t\t\t\t<figure class=\"entry-thumbnail\"><img class=\"content-slider-image \" src=\"https:\/\/adaelektrik.com\/wp-content\/uploads\/2017\/01\/devir-teknoloji-devri-1579663093-1-380x232.jpg\" width=\"380\" height=\"232\" alt=\"devir-teknoloji-devri-1579663093 (1)\" title=\"devir-teknoloji-devri-1579663093 (1)\" \/><\/figure>\n\t\t\t<\/a>\n\t\t\n\t\t\t\t\t<div class=\"post-date\" onclick=\"\">\n\t\t\t\t<span class=\"post-date-day\">\n\t\t\t\t\t24\t\t\t\t<\/span>\n\t\t\t\t<span class=\"post-date-month\">\n\t\t\t\t\tOca\t\t\t\t<\/span>\n\t\t\t<\/div>\n\t\t\t<\/div>\n\n\t<div class=\"post-mask\">\n\n\t\t\t\t\t\t\t\t\t<div class=\"meta-post-categories\"><a href=\"https:\/\/adaelektrik.com\/index.php\/category\/haberler\/\" rel=\"category tag\">Haberler<\/a><\/div>\n\t\t\t\n\t\t\t<h3 class=\"entry-title\">\n\t\t\t\t<a href=\"https:\/\/adaelektrik.com\/index.php\/2017\/01\/24\/devir-teknoloji-devri\/\" rel=\"bookmark\">Devir teknoloji devri<\/a>\n\t\t\t<\/h3>\n\t\t\t<div class=\"entry-meta basel-entry-meta font-alt\">\n\t\t\t\t\t\t\t<ul class=\"entry-meta-list\">\n\t\t\t\t\n\t\t\t\t\t\t\t\t\t\t<li class=\"modified-date\"><time class=\"updated\" datetime=\"2020-01-22T17:59:07+03:00\">22 Ocak 2020<\/time><\/li>\n\n\t\t\t\t\t\n\t\t\t\t\t\t\t\t\t\t\t\t\t\t\t\t\t\t\t\t\t\t\t\t\t\t\t\t\t\t\t\t\t\t\t\t\t\t\t\t\t\t\t\t\t\t\t\t\t\t\t\t\t\t\t\t<li><span class=\"meta-reply\">\n\t\t\t\t\t\t\t<a href=\"https:\/\/adaelektrik.com\/index.php\/2017\/01\/24\/devir-teknoloji-devri\/#respond\">Leave a comment<\/a>\t\t\t\t\t\t<\/span><\/li>\n\t\t\t\t\t\t\t\t\t\t\t\t\t\t\t\t\t\t\t\t\t\t<\/ul>\n\t\t\t\t\t<\/div><!-- .entry-meta -->\n\t\t\t\n\t\t\t<div class=\"entry-content\">\n\t\t\t\t\t\t\t<\/div><!-- .entry-meta -->\n\n\t\t\n\t<\/div>\n\n<\/article><!-- #post -->\n\n\t\t\t\t\t\n\t\t\t\t<\/div>\n\t\t\t<\/div>\n\t\t\n\t\t\t\t\t<\/div> <!-- end product-items -->\n\t\t\t\t<\/div> <!-- end #carousel-100 -->\n\n\t\t\t[vc_empty_space][\/vc_column][\/vc_row]<\/p>\n","protected":false},"excerpt":{"rendered":"<p>[vc_row css=&#8221;.vc_custom_1474202240569{margin-bottom: 5px !important;}&#8221;][vc_column css=&#8221;.vc_custom_1452525768861{margin-top: -40px !important;}&#8221;][rev_slider_vc alias=&#8221;home-flat-full-width&#8221;][vc_empty_space][\/vc_column][\/vc_row][vc_row css=&#8221;.vc_custom_1474119945849{margin-bottom: 8vh !important;}&#8221;][vc_column][\/vc_column][\/vc_row][vc_row full_width=&#8221;stretch_row_content&#8221; css=&#8221;.vc_custom_1587798093956{background-image: url(https:\/\/adaelektrik.com\/wp-content\/uploads\/2020\/04\/acik-ampul-aydinlatilmis-elektrik-577513-scaled-1.jpg?id=4665) !important;background-position: center !important;background-repeat: no-repeat !important;background-size: cover<\/p>\n","protected":false},"author":1,"featured_media":0,"parent":0,"menu_order":0,"comment_status":"closed","ping_status":"closed","template":"","meta":[],"_links":{"self":[{"href":"https:\/\/adaelektrik.com\/index.php\/wp-json\/wp\/v2\/pages\/508"}],"collection":[{"href":"https:\/\/adaelektrik.com\/index.php\/wp-json\/wp\/v2\/pages"}],"about":[{"href":"https:\/\/adaelektrik.com\/index.php\/wp-json\/wp\/v2\/types\/page"}],"author":[{"embeddable":true,"href":"https:\/\/adaelektrik.com\/index.php\/wp-json\/wp\/v2\/users\/1"}],"replies":[{"embeddable":true,"href":"https:\/\/adaelektrik.com\/index.php\/wp-json\/wp\/v2\/comments?post=508"}],"version-history":[{"count":96,"href":"https:\/\/adaelektrik.com\/index.php\/wp-json\/wp\/v2\/pages\/508\/revisions"}],"predecessor-version":[{"id":4784,"href":"https:\/\/adaelektrik.com\/index.php\/wp-json\/wp\/v2\/pages\/508\/revisions\/4784"}],"wp:attachment":[{"href":"https:\/\/adaelektrik.com\/index.php\/wp-json\/wp\/v2\/media?parent=508"}],"curies":[{"name":"wp","href":"https:\/\/api.w.org\/{rel}","templated":true}]}}